-2*q = -2*g + 414, -9*q + 618 = 3*g - 11*q. What are the prime factors of g?
2, 3, 17
Let n(b) = -12 - 9*b + 2 + 1 - b**2. List the prime factors of n(-6).
3
Let c = 16 - 14. Suppose c*y + 6 = 44. List the prime factors of y.
19
Let g(x) = -x - 4. Let m be g(-7). Suppose -m*v - 20 = v. List the prime factors of (-1*1)/(v/85).
17
Suppose -q + 6 = 1. Suppose 5*m - 5*u = q, 4*u - 4 = m - 2. Let h = 11 + m. What are the prime factors of h?
13
Suppose -w - 67 = -5*g, g + 5*w = -4*g + 85. Suppose 2*a - 5*t = 5*a + g, -5*a - t = -6. What are the prime factors of a?
2
What are the prime factors of 1/(-3 + 34/11)?
11
Let v = -8 - -11. Suppose 0 = 4*x + 20 - 4, 0 = 5*q - v*x - 32. Suppose -q - 6 = -f. List the prime factors of f.
2, 5
Suppose -4*j + 444 = 4*g, 0 = -4*g + 2*j + 113 + 307. List the prime factors of g.
107
Let p = -10 - -14. Suppose 50 = b + p*b. What are the prime factors of b?
2, 5
Let z be 1 + 0 - (-1 + 0). Suppose -2*y - h + 2*h = 0, z*y = 5*h - 16. Suppose -y = -3*t - 0*c + 2*c, 3*t - 4*c = -8. What are the prime factors of t?
2
Let m(g) = 4*g - 15*g - g**2 + 19 + 10*g. Let a be m(0). Let n = 27 - a. What are the prime factors of n?
2
Let q(k) = -6*k**3 + 1. What are the prime factors of q(-2)?
7
List the prime factors of (-120 - (-3 - 0))*4/(-3).
2, 3, 13
Let u be (-7)/28 + (-15)/4. Let f = u - -3. List the prime factors of 0 - 0 - (-14 - f).
13
Let v = -9 - -11. Suppose 0*q - 5*g = -4*q + 109, -v*q - g + 37 = 0. What are the prime factors of q?
3, 7
Let w be (-2)/10 + 63/15. Suppose w*a + 2 = 22. What are the prime factors of a - (2 - 1)*1?
2
Let i(w) = -3 + w + 0*w + 5. Let g be i(2). Let n(o) = 5*o - 6. What are the prime factors of n(g)?
2, 7
Let i(j) = 2*j + 3. Let k be i(-4). Let f = k - -8. What are the prime factors of f?
3
Let j = -15 + 23. Suppose -170 = -j*o + 3*o. What are the prime factors of o?
2, 17
Let o = 3 - 2. Let j(p) = 2*p**3 - p**2 + p. List the prime factors of j(o).
2
List the prime factors of 3/(-12) + 9/(-12) - -27.
2, 13
Suppose -5*s = -3*f - 75, 0 = -8*s + 3*s - 3*f + 45. Let d = 22 - s. What are the prime factors of d?
2, 5
Let g(r) = -18*r + 4. Let i be g(-5). Suppose -u - 48 = -2*b - 11, 4*b + 2*u - i = 0. What are the prime factors of b?
3, 7
Suppose f = -m + 34, m - 5*f - 10 = 48. List the prime factors of m.
2, 19
Suppose -2 = -i + 3. Suppose 5*s - 2*x = 9, 0*s - s - x = 1. Suppose 0 = -i*z + s + 49. What are the prime factors of z?
2, 5
Suppose 4*v - 3 = -5*q + 9, 0 = -q - 4*v - 4. Suppose -d + q*n = 17, -10 + 4 = -2*d - 2*n. List the prime factors of -1 + 2 - d*9.
2, 5
Suppose 0*p + 2*p = 66. List the prime factors of p.
3, 11
Let q(k) = 16*k + 30. What are the prime factors of q(12)?
2, 3, 37
Suppose 2*g + 5*l = 11, -1 = 3*g - 3*l - 28. Let h = -11 + g. What are the prime factors of h/(-3) - (1 + -3)?
3
Let n(c) = -c**2 - 6*c - 4. Let u be n(-6). What are the prime factors of u*3/((-48)/100)?
5
Let l = -4 - -11. Suppose 3*i - 9 = 0, -d - 2*i = -l*i + 15. Suppose -22 = -3*k + 2*j, k + 2*j + 0 - 2 = d. List the prime factors of k.
2, 3
Let b = -4 - -9. Let y = -13 - b. Let z = y - -26. What are the prime factors of z?
2
Let y be ((-15)/6 - -2)*0. Suppose -2*g - g + 15 = y. List the prime factors of g.
5
Let f = -136 + 193. What are the prime factors of f?
3, 19
Let c = -13 + 16. Suppose m = 3*m - 2*d - 20, 0 = 4*m + c*d - 61. List the prime factors of m.
13
Let n(y) = y - 3. Suppose 0 = -k - 4*w + w + 22, 2*w = 3*k - 11. List the prime factors of n(k).
2
Suppose -4*o + 2*g + 6 = 0, 0*g + 12 = o + 3*g. Suppose -3*a = -o*n + 75, -98 - 26 = -4*n - 2*a. List the prime factors of n.
29
Suppose 5*i + 35 = 4*s, 6*s = 4*i + 2*s + 32. Let j(k) = -k**2 - 2*k + 4. Let m be j(i). Suppose -5 = -2*u + m. List the prime factors of u.
3
What are the prime factors of 7 + (-7 - -4) - -14?
2, 3
Let g = 80 + -80. Let q(n) be the first derivative of -n**4/4 + n**3/3 + 5*n - 1. List the prime factors of q(g).
5
Let l(r) = 4*r. Let t be l(1). Suppose -g - 3*c = 7, -g + t*c = -5*g - 4. What are the prime factors of g?
2
Let k(s) = -s**3 + 15*s**2 + 4*s - 4. What are the prime factors of k(15)?
2, 7
Let b = 41 + -24. Suppose -2*o + 25 = -2*c - 3*c, b = 2*o + 3*c. Suppose o = s - 2. List the prime factors of s.
2, 3
Suppose 2*s - 238 = c, -s + 4*s - 2*c = 358. What are the prime factors of s?
2, 59
Suppose -2*w - 2 = u - 0*w, 0 = w + 1. Suppose -a + 0*a + 30 = u. What are the prime factors of a?
2, 3, 5
Let l(t) = 3*t**2 + 7*t - 8. What are the prime factors of l(-9)?
2, 43
Let g = 9 + -6. Suppose -g*x = -0*x. Suppose -4*y = 5*s - 99, -s + 5*y - 6*y + 20 = x. What are the prime factors of s?
19
Let f = 42 - -33. Let d = 123 - f. List the prime factors of d.
2, 3
Let f = 9 + -7. List the prime factors of (6 + -4)*3/f.
3
Let f be 6/(-3)*1 - -1. Let b = f - -3. Suppose b = d - 0. What are the prime factors of d?
2
Suppose 0 = -v + 9 + 16. List the prime factors of v.
5
Suppose -3*n - 2*n + 295 = 0. What are the prime factors of n?
59
Suppose 17 = a - 2. Let v = -10 + a. Suppose 0 = -2*k + v + 5. What are the prime factors of k?
7
Let i = -183 + 288. Suppose -4*q = -27 - i. What are the prime factors of q?
3, 11
Suppose -8 = -q + 11. Let m = q - 4. What are the prime factors of m?
3, 5
Let h = 4 + -18. Let l be (-2)/7 + (-74)/h. Suppose 0 = d + o - 22, d = 3*d + l*o - 53. List the prime factors of d.
19
Let l(s) = 3*s - 4*s - 3*s - 10. Let w be l(-10). Suppose 0 = -7*y + 2*y + w. List the prime factors of y.
2, 3
Suppose -50*t = -48*t - 146. What are the prime factors of t?
73
Let h be (-6)/2 - 99/(-9). List the prime factors of 81/12*h/3.
2, 3
List the prime factors of (57/(-2))/((-15)/20).
2, 19
Let p be (-2)/(-4)*(-1 + 11). Suppose 5*z + 5*o + 25 = 0, -o = 2*z + 2*z + p. Suppose z = -3*q + q + 24. What are the prime factors of q?
2, 3
Let i = 51 - 40. What are the prime factors of i?
11
Let t(y) = y**2 - 3*y. Let a be t(4). Suppose 4*i - i - 57 = -5*j, a*j = -5*i + 56. List the prime factors of 74/j + (-8)/36.
2
Let t = -1 + 0. Let g(f) = -22*f + 1. List the prime factors of g(t).
23
Let s(a) be the second derivative of -a**4/12 + a**3/3 + 5*a**2/2 + 4*a. List the prime factors of s(0).
5
Let s = -5 + 13. What are the prime factors of s?
2
Suppose -2*g + 1 = -53. List the prime factors of g.
3
Suppose 3*n + d - 146 = 0, n + n + 2*d - 104 = 0. List the prime factors of n.
47
Let i = -98 - -211. List the prime factors of i.
113
Suppose 3*h + 2*h + 40 = 0. Suppose -2*b = b - 36. Let x = h + b. What are the prime factors of x?
2
Let d = -823 + 1876. What are the prime factors of 3/(-21) + d/21?
2, 5
Let i(s) = -s**2 + 4*s + 20. Let h be i(7). Let u(v) = -45*v + 3. Let d(f) = -15*f + 1. Let t(n) = -17*d(n) + 6*u(n). What are the prime factors of t(h)?
2
What are the prime factors of (-3)/(-15) - 645/(-25)?
2, 13
Let x = 2 - -7. What are the prime factors of x + 4 - (0 - -1)?
2, 3
Suppose 0 = 5*w - 19 + 4. Suppose 3*c + j = 2*c + 15, -3*j - 57 = -w*c. What are the prime factors of c?
17
Let w = -72 - -126. What are the prime factors of w?
2, 3
Let i = 4 + 11. Suppose -4*q + 3 + i = -u, -4*u + 33 = 5*q. List the prime factors of u.
2
Let w(a) = a**3 + 2*a**2 - 3*a + 3. Suppose 0 = -0*o - 5*o + 30. Let j = o + -9. List the prime factors of w(j).
3
Let w = -5 + 12. Suppose 3*l = w*l - 8. List the prime factors of 13/l*2 - -3.
2
Let i = 0 + 5. Suppose 2*o = 2*f - 22, 2*o - f = i*o + 29. List the prime factors of (-75)/o*(-16)/(-6).
2, 5
Suppose 11 = -4*m + 47. Let u = m - 5. What are the prime factors of u?
2
Suppose 0*l - 3*h = 2*l - 8, -3*h - 6 = 0. What are the prime factors of l?
7
Let a be -2 + 3/(-3)*-23. Let v = a - 5. Suppose 0 = -b - 4*p + 7 + 13, -p = 3*b - v. List the prime factors of b.
2
Let b = -10 + 12. Suppose 0 = b*u - 7*u + 170. List the prime factors of u.
2, 17
Let s = 5 - -7. Suppose 0 = d - 2*d + a + 3, 4*d - s = 5*a. Suppose 35 = 3*t - 5*g, -3*t - 2*g = -d*g - 31. List the prime factors of t.
2, 5
List the prime factors of (-23 - -5)/((-6)/16).
2, 3
Let s be (-1)/(-3)*0 + 1. Let d = s - -20. List the prime factors of d.
3, 7
Suppose 0*y + 50 = 5*y. Suppose -p = -4*s - y - 3, 4*p - s = 52. List the prime factors of p.
13
Suppose -f - 164 = -5*f. List the prime factors of f.
41
Let q(t) = -8*t - t**3 - 3*t**3 